{"id":2138,"date":"2022-02-19T20:54:01","date_gmt":"2022-02-19T20:54:01","guid":{"rendered":"https:\/\/tacticalsolutions.com.mx\/?post_type=product&#038;p=2138"},"modified":"2022-04-06T17:20:00","modified_gmt":"2022-04-06T17:20:00","slug":"bota-under-armour-micro-g-valsetz-mid","status":"publish","type":"product","link":"https:\/\/tacticalsolutions.com.mx\/index.php\/producto\/bota-under-armour-micro-g-valsetz-mid\/","title":{"rendered":"Bota Under Armour Micro G Valsetz Mid"},"content":{"rendered":"<div class=\"description\">Optimizamos una de nuestras mejores, m\u00e1s duraderas y c\u00f3modas botas t\u00e1cticas con la amortiguaci\u00f3n de la entresuela Micro G\u00ae, que te gustar\u00e1 m\u00e1s cuanto m\u00e1s la tengas en los pies.La altura media aumenta la protecci\u00f3n del tobillo.<\/div>\n<div class=\"description\">\n<ul>\n<li>La parte superior ligera de cuero sint\u00e9tico y tela es resistente y transpirable<\/li>\n<li>Los revestimientos soldados en el antepi\u00e9 y la puntera moldeada de TPU agregan protecci\u00f3n<\/li>\n<li>Los anillos para tirar en el tal\u00f3n y en la leng\u00fceta permiten pon\u00e9rselos y sac\u00e1rselos f\u00e1cilmente<\/li>\n<li>Las plantillas de soporte Insite\u00ae Contoura\u00ae antimicrobianas y antifatiga cuentan con una espuma que absorbe los golpes<\/li>\n<li>La entresuela de espuma Micro G\u00ae de largo completo proporciona una amortiguaci\u00f3n duradera y eficaz<\/li>\n<li>La suela de goma con agarraderas de alta tracci\u00f3n es resistente a los resbalones y a las superficies oleosas, y brinda agarre en una gran variedad de superficies<\/li>\n<li>Estilo n.\u00ba: 3023741<\/li>\n<li>Alto: 15\u00a0cm<\/li>\n<li>Peso: 411\u00a0g<\/li>\n<li>Tipo de cord\u00f3n: est\u00e1ndar<\/li>\n<li>De importaci\u00f3n<\/li>\n<\/ul>\n<\/div>\n","protected":false},"excerpt":{"rendered":"<ul>\n<li>Marca:<strong> Under Armour<br \/>\n<\/strong><\/li>\n<li>Modelo: <strong>Micro G Valsetz<br \/>\n<\/strong><\/li>\n<li>Categor\u00eda: <strong>Calzado<\/strong><\/li>\n<\/ul>\n<p>Ligeras<br \/>\nC\u00f3modas<br \/>\nPiel sint\u00e9tica<br \/>\nTecnolog\u00eda antifatiga<br \/>\nEl dise\u00f1o de su suela est\u00e1 dise\u00f1ado para no resbalarse en agua ni aceite<br \/>\nIdeal para climas fr\u00edos<br \/>\nIdeal para trabjo en exteriores, senderismo y otros deportes<\/p>\n","protected":false},"featured_media":2131,"comment_status":"open","ping_status":"closed","template":"","meta":[],"product_brand":[],"product_cat":[33,30],"product_tag":[94],"class_list":{"0":"post-2138","1":"product","2":"type-product","3":"status-publish","4":"has-post-thumbnail","6":"product_cat-calzado","7":"product_cat-under-armour","8":"product_tag-under-armour","9":"pa_color-coyote","10":"pa_color-negro","11":"pa_talla-calzado-26-mx","12":"pa_talla-calzado-26-5-mx","13":"pa_talla-calzado-27-mx","14":"pa_talla-calzado-27-5-mx","15":"pa_talla-calzado-28-mx","16":"pa_talla-calzado-28-5-mx","17":"pa_talla-calzado-29-mx","18":"pa_talla-calzado-29-5-mx","19":"pa_talla-calzado-30-mx","21":"first","22":"instock","23":"sale","24":"shipping-taxable","25":"purchasable","26":"product-type-variable"},"jetpack_sharing_enabled":true,"_links":{"self":[{"href":"https:\/\/tacticalsolutions.com.mx\/index.php\/wp-json\/wp\/v2\/product\/2138","targetHints":{"allow":["GET"]}}],"collection":[{"href":"https:\/\/tacticalsolutions.com.mx\/index.php\/wp-json\/wp\/v2\/product"}],"about":[{"href":"https:\/\/tacticalsolutions.com.mx\/index.php\/wp-json\/wp\/v2\/types\/product"}],"replies":[{"embeddable":true,"href":"https:\/\/tacticalsolutions.com.mx\/index.php\/wp-json\/wp\/v2\/comments?post=2138"}],"wp:featuredmedia":[{"embeddable":true,"href":"https:\/\/tacticalsolutions.com.mx\/index.php\/wp-json\/wp\/v2\/media\/2131"}],"wp:attachment":[{"href":"https:\/\/tacticalsolutions.com.mx\/index.php\/wp-json\/wp\/v2\/media?parent=2138"}],"wp:term":[{"taxonomy":"product_brand","embeddable":true,"href":"https:\/\/tacticalsolutions.com.mx\/index.php\/wp-json\/wp\/v2\/product_brand?post=2138"},{"taxonomy":"product_cat","embeddable":true,"href":"https:\/\/tacticalsolutions.com.mx\/index.php\/wp-json\/wp\/v2\/product_cat?post=2138"},{"taxonomy":"product_tag","embeddable":true,"href":"https:\/\/tacticalsolutions.com.mx\/index.php\/wp-json\/wp\/v2\/product_tag?post=2138"}],"curies":[{"name":"wp","href":"https:\/\/api.w.org\/{rel}","templated":true}]}}