{"id":2262,"date":"2022-02-26T23:05:21","date_gmt":"2022-02-26T23:05:21","guid":{"rendered":"https:\/\/tacticalsolutions.com.mx\/?post_type=product&#038;p=2262"},"modified":"2022-04-07T21:10:02","modified_gmt":"2022-04-07T21:10:02","slug":"bota-tactica-classic-9-side-zip-modelo-115201","status":"publish","type":"product","link":"https:\/\/tacticalsolutions.com.mx\/index.php\/producto\/bota-tactica-classic-9-side-zip-modelo-115201\/","title":{"rendered":"Bota Original SWAT Classic 9&#8243; Side Zip"},"content":{"rendered":"<ul>\n<li><span class=\"VIiyi\" lang=\"es\"><span class=\"JLqJ4b ChMk0b\" data-language-for-alternatives=\"es\" data-language-to-translate-into=\"en\" data-phrase-index=\"0\" data-number-of-phrases=\"27\">Parte superior de nailon de 1000 denier\/gamuza\/Cordura\u00ae para mayor durabilidad y comodidad<\/span> <\/span><\/li>\n<li><span class=\"VIiyi\" lang=\"es\"><span class=\"JLqJ4b ChMk0b\" data-language-for-alternatives=\"es\" data-language-to-translate-into=\"en\" data-phrase-index=\"2\" data-number-of-phrases=\"27\">Cremallera lateral YKK\u00ae en patr\u00f3n Vislon\u00ae duradero para un ajuste f\u00e1cil con cierre de leng\u00fceta de gancho y bucle<\/span> <\/span><\/li>\n<li><span class=\"VIiyi\" lang=\"es\"><span class=\"JLqJ4b ChMk0b\" data-language-for-alternatives=\"es\" data-language-to-translate-into=\"en\" data-phrase-index=\"4\" data-number-of-phrases=\"27\">Cuello y leng\u00fceta acolchados con espuma para mayor protecci\u00f3n y transpirabilidad<\/span> <\/span><\/li>\n<li><span class=\"VIiyi\" lang=\"es\"><span class=\"JLqJ4b ChMk0b\" data-language-for-alternatives=\"es\" data-language-to-translate-into=\"en\" data-phrase-index=\"6\" data-number-of-phrases=\"27\">Scotchgard\u00ae protege la gamuza de derrames y manchas<\/span> <\/span><\/li>\n<li><span class=\"VIiyi\" lang=\"es\"><span class=\"JLqJ4b ChMk0b\" data-language-for-alternatives=\"es\" data-language-to-translate-into=\"en\" data-phrase-index=\"8\" data-number-of-phrases=\"27\">Leng\u00fceta reforzada para mantener la suciedad y los escombros fuera<\/span> <\/span><\/li>\n<li><span class=\"VIiyi\" lang=\"es\"><span class=\"JLqJ4b ChMk0b\" data-language-for-alternatives=\"es\" data-language-to-translate-into=\"en\" data-phrase-index=\"10\" data-number-of-phrases=\"27\">Aleaci\u00f3n de lat\u00f3n duradera, herrajes a prueba de herrumbre<\/span> <\/span><\/li>\n<li><span class=\"VIiyi\" lang=\"es\"><span class=\"JLqJ4b ChMk0b\" data-language-for-alternatives=\"es\" data-language-to-translate-into=\"en\" data-phrase-index=\"12\" data-number-of-phrases=\"27\">Forro que absorbe la humedad con protecci\u00f3n antimicrobiana AEGIS<\/span> <\/span><\/li>\n<li><span class=\"VIiyi\" lang=\"es\"><span class=\"JLqJ4b ChMk0b\" data-language-for-alternatives=\"es\" data-language-to-translate-into=\"en\" data-phrase-index=\"14\" data-number-of-phrases=\"27\">Plantilla extra\u00edble de EVA de ajuste personalizado.<\/span> <\/span><\/li>\n<li><span class=\"VIiyi\" lang=\"es\"><span class=\"JLqJ4b ChMk0b\" data-language-for-alternatives=\"es\" data-language-to-translate-into=\"en\" data-phrase-index=\"16\" data-number-of-phrases=\"27\">Entresuela de phylon EVA moldeada a medida para una comodidad ligera y un soporte acunado<\/span> <\/span><\/li>\n<li><span class=\"VIiyi\" lang=\"es\"><span class=\"JLqJ4b ChMk0b\" data-language-for-alternatives=\"es\" data-language-to-translate-into=\"en\" data-phrase-index=\"18\" data-number-of-phrases=\"27\">Plataforma de estabilidad Texon para soporte lateral y rigidez torsional<\/span> <\/span><\/li>\n<li><span class=\"VIiyi\" lang=\"es\"><span class=\"JLqJ4b ChMk0b\" data-language-for-alternatives=\"es\" data-language-to-translate-into=\"en\" data-phrase-index=\"20\" data-number-of-phrases=\"27\">Punta y tal\u00f3n cosidos para mayor durabilidad y mayor vida \u00fatil<\/span> <\/span><\/li>\n<li><span class=\"VIiyi\" lang=\"es\"><span class=\"JLqJ4b ChMk0b\" data-language-for-alternatives=\"es\" data-language-to-translate-into=\"en\" data-phrase-index=\"22\" data-number-of-phrases=\"27\">V\u00e1stago de acero para un soporte superior<\/span> <\/span><\/li>\n<li><span class=\"VIiyi\" lang=\"es\"><span class=\"JLqJ4b ChMk0b\" data-language-for-alternatives=\"es\" data-language-to-translate-into=\"en\" data-phrase-index=\"24\" data-number-of-phrases=\"27\">Contrafuerte del tal\u00f3n y puntera de termopl\u00e1stico moldeado a medida para una comodidad instant\u00e1nea y soporte lateral<\/span> <\/span><\/li>\n<li><span class=\"VIiyi\" lang=\"es\"><span class=\"JLqJ4b ChMk0b\" data-language-for-alternatives=\"es\" data-language-to-translate-into=\"en\" data-phrase-index=\"26\" data-number-of-phrases=\"27\">Suela exterior cl\u00e1sica: caucho antideslizante y resistente al aceite que no deja marcas, supera los est\u00e1ndares de prueba ASTM F2913-11<\/span><\/span><\/li>\n<\/ul>\n","protected":false},"excerpt":{"rendered":"<ul>\n<li>Marca: <strong>Original SWAT<\/strong><\/li>\n<li>Modelo: <strong>115201<\/strong><\/li>\n<li>Categor\u00eda: <strong>Calzado<\/strong><\/li>\n<\/ul>\n<p>C\u00f3modas<br \/>\nResistentes<br \/>\nZiper lateral<br \/>\nParte superior de nylon para mayor durabilidad<br \/>\nCuello y leng\u00fceta acolchonados<br \/>\nTal\u00f3n y punta cocidas para mayor durabilidad<br \/>\nAleaci\u00f3n de lat\u00f3n duradera, a prueba de \u00f3xido<\/p>\n","protected":false},"featured_media":2263,"comment_status":"open","ping_status":"closed","template":"","meta":[],"product_brand":[],"product_cat":[33,31],"product_tag":[96],"class_list":{"0":"post-2262","1":"product","2":"type-product","3":"status-publish","4":"has-post-thumbnail","6":"product_cat-calzado","7":"product_cat-original-swat","8":"product_tag-calzado","9":"pa_color-kaki","10":"pa_color-negro","11":"pa_talla-calzado-26-mx","12":"pa_talla-calzado-26-5-mx","13":"pa_talla-calzado-27-mx","14":"pa_talla-calzado-27-5-mx","15":"pa_talla-calzado-28-mx","16":"pa_talla-calzado-28-5-mx","17":"pa_talla-calzado-29-mx","18":"pa_talla-calzado-29-5-mx","19":"pa_talla-calzado-30-mx","20":"pa_talla-calzado-talla","22":"first","23":"instock","24":"shipping-taxable","25":"purchasable","26":"product-type-variable"},"jetpack_sharing_enabled":true,"_links":{"self":[{"href":"https:\/\/tacticalsolutions.com.mx\/index.php\/wp-json\/wp\/v2\/product\/2262","targetHints":{"allow":["GET"]}}],"collection":[{"href":"https:\/\/tacticalsolutions.com.mx\/index.php\/wp-json\/wp\/v2\/product"}],"about":[{"href":"https:\/\/tacticalsolutions.com.mx\/index.php\/wp-json\/wp\/v2\/types\/product"}],"replies":[{"embeddable":true,"href":"https:\/\/tacticalsolutions.com.mx\/index.php\/wp-json\/wp\/v2\/comments?post=2262"}],"wp:featuredmedia":[{"embeddable":true,"href":"https:\/\/tacticalsolutions.com.mx\/index.php\/wp-json\/wp\/v2\/media\/2263"}],"wp:attachment":[{"href":"https:\/\/tacticalsolutions.com.mx\/index.php\/wp-json\/wp\/v2\/media?parent=2262"}],"wp:term":[{"taxonomy":"product_brand","embeddable":true,"href":"https:\/\/tacticalsolutions.com.mx\/index.php\/wp-json\/wp\/v2\/product_brand?post=2262"},{"taxonomy":"product_cat","embeddable":true,"href":"https:\/\/tacticalsolutions.com.mx\/index.php\/wp-json\/wp\/v2\/product_cat?post=2262"},{"taxonomy":"product_tag","embeddable":true,"href":"https:\/\/tacticalsolutions.com.mx\/index.php\/wp-json\/wp\/v2\/product_tag?post=2262"}],"curies":[{"name":"wp","href":"https:\/\/api.w.org\/{rel}","templated":true}]}}