{"id":2493,"date":"2022-03-25T23:30:07","date_gmt":"2022-03-25T23:30:07","guid":{"rendered":"https:\/\/tacticalsolutions.com.mx\/?post_type=product&#038;p=2493"},"modified":"2022-04-07T00:29:41","modified_gmt":"2022-04-07T00:29:41","slug":"bota-tactica-coyote-propper-series-100-8-waterproof-boot-modelo-f4519","status":"publish","type":"product","link":"https:\/\/tacticalsolutions.com.mx\/index.php\/producto\/bota-tactica-coyote-propper-series-100-8-waterproof-boot-modelo-f4519\/","title":{"rendered":"Bota Coyote Propper Series 100 8&#8243; Waterproof Boot"},"content":{"rendered":"<ul>\n<li>Plantilla de espuma viscoel\u00e1stica de primera calidad.<\/li>\n<li>Dise\u00f1ado con tallas reales de EE. UU. para un ajuste superior con una excelente distribuci\u00f3n del peso para comodidad durante todo el d\u00eda<\/li>\n<li>Impermeable y con costuras selladas con HyrdoGuard\u00ae<\/li>\n<li>Empeine de piel de vacuno que cumple con AR 670-1<\/li>\n<li>Parte superior de nailon 1000D.<\/li>\n<li>Costuras reforzadas de triple fila.<\/li>\n<li>Sistema de cordones de velocidad resistente a la fricci\u00f3n con cordones de paracord 550<\/li>\n<li>El dise\u00f1o del arco resiste el desgaste de las escaleras y las cuerdas r\u00e1pidas.<\/li>\n<li>La espuma de malla de aire de celda abierta proporciona una circulaci\u00f3n de aire completa del pie para una m\u00e1xima comodidad.<\/li>\n<li>El forro transpirable absorbe y regula la temperatura, tratado con Aegis\u00ae para evitar el olor.<\/li>\n<li>Suela exterior de caucho resistente al aceite y antideslizante para una excelente tracci\u00f3n y absorci\u00f3n de impactos<\/li>\n<li>Miembro de NTOA probado y aprobado<\/li>\n<li>Inserciones de ajuste opcionales GRATIS incluidas<\/li>\n<li>Importado<\/li>\n<\/ul>\n","protected":false},"excerpt":{"rendered":"<ul>\n<li>Marca:\u00a0<strong>Propper<\/strong><\/li>\n<li>Modelo:<strong> F4519<\/strong><\/li>\n<li>Categor\u00eda: <strong>Calzado<\/strong><\/li>\n<\/ul>\n<p>C\u00f3modas<br \/>\nLigeras<br \/>\nResistentes<br \/>\nTranspirables<br \/>\nA prueba de agua y l\u00edquidos a base de aceite<br \/>\nSuela antiderrapante para superficies con agua o aceite<br \/>\nEl dise\u00f1o de las botas permite una circulaci\u00f3n del aire<\/p>\n","protected":false},"featured_media":2494,"comment_status":"open","ping_status":"closed","template":"","meta":[],"product_brand":[],"product_cat":[33,29],"product_tag":[96,102],"class_list":{"0":"post-2493","1":"product","2":"type-product","3":"status-publish","4":"has-post-thumbnail","6":"product_cat-calzado","7":"product_cat-propper","8":"product_tag-calzado","9":"product_tag-propper","10":"pa_talla-calzado-26-mx","11":"pa_talla-calzado-26-5-mx","12":"pa_talla-calzado-27-mx","13":"pa_talla-calzado-27-5-mx","14":"pa_talla-calzado-28-mx","15":"pa_talla-calzado-28-5-mx","16":"pa_talla-calzado-29-mx","17":"pa_talla-calzado-29-5-mx","18":"pa_talla-calzado-30-mx","19":"pa_talla-calzado-talla","21":"first","22":"instock","23":"shipping-taxable","24":"purchasable","25":"product-type-variable"},"jetpack_sharing_enabled":true,"_links":{"self":[{"href":"https:\/\/tacticalsolutions.com.mx\/index.php\/wp-json\/wp\/v2\/product\/2493","targetHints":{"allow":["GET"]}}],"collection":[{"href":"https:\/\/tacticalsolutions.com.mx\/index.php\/wp-json\/wp\/v2\/product"}],"about":[{"href":"https:\/\/tacticalsolutions.com.mx\/index.php\/wp-json\/wp\/v2\/types\/product"}],"replies":[{"embeddable":true,"href":"https:\/\/tacticalsolutions.com.mx\/index.php\/wp-json\/wp\/v2\/comments?post=2493"}],"wp:featuredmedia":[{"embeddable":true,"href":"https:\/\/tacticalsolutions.com.mx\/index.php\/wp-json\/wp\/v2\/media\/2494"}],"wp:attachment":[{"href":"https:\/\/tacticalsolutions.com.mx\/index.php\/wp-json\/wp\/v2\/media?parent=2493"}],"wp:term":[{"taxonomy":"product_brand","embeddable":true,"href":"https:\/\/tacticalsolutions.com.mx\/index.php\/wp-json\/wp\/v2\/product_brand?post=2493"},{"taxonomy":"product_cat","embeddable":true,"href":"https:\/\/tacticalsolutions.com.mx\/index.php\/wp-json\/wp\/v2\/product_cat?post=2493"},{"taxonomy":"product_tag","embeddable":true,"href":"https:\/\/tacticalsolutions.com.mx\/index.php\/wp-json\/wp\/v2\/product_tag?post=2493"}],"curies":[{"name":"wp","href":"https:\/\/api.w.org\/{rel}","templated":true}]}}