{"id":2619,"date":"2022-03-28T22:31:02","date_gmt":"2022-03-28T22:31:02","guid":{"rendered":"https:\/\/tacticalsolutions.com.mx\/?post_type=product&#038;p=2619"},"modified":"2022-04-07T18:21:26","modified_gmt":"2022-04-07T18:21:26","slug":"porta-baston-de-nylon-condor-baton-pouch-modelo-191029","status":"publish","type":"product","link":"https:\/\/tacticalsolutions.com.mx\/index.php\/producto\/porta-baston-de-nylon-condor-baton-pouch-modelo-191029\/","title":{"rendered":"Porta Bast\u00f3n de Nylon Condor Baton Pouch"},"content":{"rendered":"<p>El Condor Baton Pouch est\u00e1 dise\u00f1ado para bastones de aplicaci\u00f3n de la ley expandibles est\u00e1ndar. Dise\u00f1ado para situaciones en las que debe enfundar su dispositivo de defensa para detener a un criminal o cambiar r\u00e1pidamente a un m\u00e9todo m\u00e1s efectivo sin tener que guardar completamente su bast\u00f3n.<\/p>\n<ul>\n<li>Apertura para bastones desplegados<\/li>\n<li>Una correa MOD de 6&#8243; incluida<\/li>\n<li>compatible con MOLLE<\/li>\n<li>Solapa ajustable<\/li>\n<li>Importado<\/li>\n<\/ul>\n","protected":false},"excerpt":{"rendered":"<ul>\n<li>Marca: <strong>Condor<\/strong><\/li>\n<li>Modelo:<strong> 191029<\/strong><\/li>\n<li>Categor\u00eda: <strong>Accesorios<\/strong><\/li>\n<\/ul>\n<p>El Condor Baton Pouch est\u00e1 dise\u00f1ado para bastones de aplicaci\u00f3n de la ley expandibles est\u00e1ndar. Dise\u00f1ado para situaciones en las que debe enfundar su dispositivo de defensa para detener a un criminal o cambiar r\u00e1pidamente a un m\u00e9todo m\u00e1s efectivo sin tener que guardar completamente su bast\u00f3n.<\/p>\n","protected":false},"featured_media":2620,"comment_status":"open","ping_status":"closed","template":"","meta":[],"product_brand":[],"product_cat":[34,26],"product_tag":[95,103],"class_list":{"0":"post-2619","1":"product","2":"type-product","3":"status-publish","4":"has-post-thumbnail","6":"product_cat-accesorios","7":"product_cat-condor","8":"product_tag-accesorios","9":"product_tag-condor","10":"pa_color-coyote","11":"pa_color-negro","12":"pa_color-verde","14":"first","15":"instock","16":"shipping-taxable","17":"purchasable","18":"product-type-variable"},"jetpack_sharing_enabled":true,"_links":{"self":[{"href":"https:\/\/tacticalsolutions.com.mx\/index.php\/wp-json\/wp\/v2\/product\/2619","targetHints":{"allow":["GET"]}}],"collection":[{"href":"https:\/\/tacticalsolutions.com.mx\/index.php\/wp-json\/wp\/v2\/product"}],"about":[{"href":"https:\/\/tacticalsolutions.com.mx\/index.php\/wp-json\/wp\/v2\/types\/product"}],"replies":[{"embeddable":true,"href":"https:\/\/tacticalsolutions.com.mx\/index.php\/wp-json\/wp\/v2\/comments?post=2619"}],"wp:featuredmedia":[{"embeddable":true,"href":"https:\/\/tacticalsolutions.com.mx\/index.php\/wp-json\/wp\/v2\/media\/2620"}],"wp:attachment":[{"href":"https:\/\/tacticalsolutions.com.mx\/index.php\/wp-json\/wp\/v2\/media?parent=2619"}],"wp:term":[{"taxonomy":"product_brand","embeddable":true,"href":"https:\/\/tacticalsolutions.com.mx\/index.php\/wp-json\/wp\/v2\/product_brand?post=2619"},{"taxonomy":"product_cat","embeddable":true,"href":"https:\/\/tacticalsolutions.com.mx\/index.php\/wp-json\/wp\/v2\/product_cat?post=2619"},{"taxonomy":"product_tag","embeddable":true,"href":"https:\/\/tacticalsolutions.com.mx\/index.php\/wp-json\/wp\/v2\/product_tag?post=2619"}],"curies":[{"name":"wp","href":"https:\/\/api.w.org\/{rel}","templated":true}]}}