{"id":2660,"date":"2022-04-01T22:45:55","date_gmt":"2022-04-01T22:45:55","guid":{"rendered":"https:\/\/tacticalsolutions.com.mx\/?post_type=product&#038;p=2660"},"modified":"2022-04-07T22:01:39","modified_gmt":"2022-04-07T22:01:39","slug":"chaleco-tactico-5-11-lbe-tactical-vest-modelo-58631","status":"publish","type":"product","link":"https:\/\/tacticalsolutions.com.mx\/index.php\/producto\/chaleco-tactico-5-11-lbe-tactical-vest-modelo-58631\/","title":{"rendered":"Chaleco 5.11 LBE Tactical Vest"},"content":{"rendered":"<p>Construido con una malla de nailon resistente y r\u00edgida, el chaleco LBE se ajusta de forma segura y c\u00f3moda, pero es notablemente ligero y transpirable. Cuenta con bolsillos utilitarios ocultos, un ReadyPocket\u2122 y un bolsillo de hidrataci\u00f3n, adem\u00e1s de ajustes de longitud y circunferencia para un ajuste perfecto, incluso si cambia la configuraci\u00f3n.<\/p>\n<ul>\n<li>Utilidad t\u00e1ctica personalizable<\/li>\n<li>Ready Pocket\u2122 en el pecho para guardar documentos o un tel\u00e9fono<\/li>\n<li>Asa de agarre oculta<\/li>\n<li>Nailon de malla r\u00edgida.<\/li>\n<li>5.11 SlickStick\u00ae \/MOLLE compatible en todo<\/li>\n<li>Bolsillo de hidrataci\u00f3n en la parte trasera<\/li>\n<li>Ajustable en circunferencia y longitud.<\/li>\n<li>Clips de sujeci\u00f3n de alto impacto<\/li>\n<li>Cremalleras YKK\u00ae<\/li>\n<li>Importado<\/li>\n<\/ul>\n","protected":false},"excerpt":{"rendered":"<ul>\n<li>Marca: <strong>5.11<\/strong><\/li>\n<li>Modelo: <strong>58631<\/strong><\/li>\n<li>Categor\u00eda: <strong>Vestuario<\/strong><\/li>\n<\/ul>\n<p>Construido con una malla de nailon resistente y r\u00edgida, el chaleco LBE se ajusta de forma segura y c\u00f3moda, pero es notablemente ligero y transpirable. Cuenta con bolsillos utilitarios ocultos, un ReadyPocket\u2122 y un bolsillo de hidrataci\u00f3n, adem\u00e1s de ajustes de longitud y circunferencia para un ajuste perfecto, incluso si cambia la configuraci\u00f3n.<\/p>\n","protected":false},"featured_media":2661,"comment_status":"open","ping_status":"closed","template":"","meta":[],"product_brand":[],"product_cat":[25,35],"product_tag":[40,42],"class_list":{"0":"post-2660","1":"product","2":"type-product","3":"status-publish","4":"has-post-thumbnail","6":"product_cat-5-11","7":"product_cat-vestuario","8":"product_tag-5-11","9":"product_tag-vestuario","11":"first","12":"instock","13":"shipping-taxable","14":"purchasable","15":"product-type-simple"},"jetpack_sharing_enabled":true,"_links":{"self":[{"href":"https:\/\/tacticalsolutions.com.mx\/index.php\/wp-json\/wp\/v2\/product\/2660","targetHints":{"allow":["GET"]}}],"collection":[{"href":"https:\/\/tacticalsolutions.com.mx\/index.php\/wp-json\/wp\/v2\/product"}],"about":[{"href":"https:\/\/tacticalsolutions.com.mx\/index.php\/wp-json\/wp\/v2\/types\/product"}],"replies":[{"embeddable":true,"href":"https:\/\/tacticalsolutions.com.mx\/index.php\/wp-json\/wp\/v2\/comments?post=2660"}],"wp:featuredmedia":[{"embeddable":true,"href":"https:\/\/tacticalsolutions.com.mx\/index.php\/wp-json\/wp\/v2\/media\/2661"}],"wp:attachment":[{"href":"https:\/\/tacticalsolutions.com.mx\/index.php\/wp-json\/wp\/v2\/media?parent=2660"}],"wp:term":[{"taxonomy":"product_brand","embeddable":true,"href":"https:\/\/tacticalsolutions.com.mx\/index.php\/wp-json\/wp\/v2\/product_brand?post=2660"},{"taxonomy":"product_cat","embeddable":true,"href":"https:\/\/tacticalsolutions.com.mx\/index.php\/wp-json\/wp\/v2\/product_cat?post=2660"},{"taxonomy":"product_tag","embeddable":true,"href":"https:\/\/tacticalsolutions.com.mx\/index.php\/wp-json\/wp\/v2\/product_tag?post=2660"}],"curies":[{"name":"wp","href":"https:\/\/api.w.org\/{rel}","templated":true}]}}