{"id":2672,"date":"2022-04-01T23:00:11","date_gmt":"2022-04-01T23:00:11","guid":{"rendered":"https:\/\/tacticalsolutions.com.mx\/?post_type=product&#038;p=2672"},"modified":"2022-04-07T22:15:35","modified_gmt":"2022-04-07T22:15:35","slug":"guante-tactico-5-11-station-grip-2-glove-modelo-59376","status":"publish","type":"product","link":"https:\/\/tacticalsolutions.com.mx\/index.php\/producto\/guante-tactico-5-11-station-grip-2-glove-modelo-59376\/","title":{"rendered":"Guante 5.11 Station Grip 2 Glove"},"content":{"rendered":"<p>El guante 5.11 Station Grip 2 es el siguiente nivel de comodidad y durabilidad, con excelente ergonom\u00eda, acolchado y protecci\u00f3n. V\u00edstase y vaya a trabajar cuando los profesionales exigen un guante con un agarre superior que resista las tareas m\u00e1s dif\u00edciles. El guante Station te tiene.<\/p>\n<ul>\n<li>Nudillos de neopreno transpirable moldeado<\/li>\n<li>Palma de gamuza sint\u00e9tica con superposici\u00f3n de agarre de textura completa<\/li>\n<li>Top transpirable el\u00e1stico en 4 direcciones<\/li>\n<li>Cierre de mu\u00f1eca con velcro ajustable<\/li>\n<li>La mu\u00f1eca de neopreno evita la entrada de humedad y suciedad.<\/li>\n<li>Costura del pu\u00f1o reforzada\/leng\u00fceta para tirar<\/li>\n<li>compatible con TAA<\/li>\n<li>Importado<\/li>\n<\/ul>\n","protected":false},"excerpt":{"rendered":"<ul>\n<li>Marca:<strong> 5.11<\/strong><\/li>\n<li>Modelo: <strong>59376<\/strong><\/li>\n<li>Categor\u00eda: <strong>Vestuario<\/strong><\/li>\n<\/ul>\n<p>El guante 5.11 Station Grip 2 es el siguiente nivel de comodidad y durabilidad, con excelente ergonom\u00eda, acolchado y protecci\u00f3n. V\u00edstase y vaya a trabajar cuando los profesionales exigen un guante con un agarre superior que resista las tareas m\u00e1s dif\u00edciles. El guante Station te tiene.<\/p>\n","protected":false},"featured_media":2673,"comment_status":"open","ping_status":"closed","template":"","meta":[],"product_brand":[],"product_cat":[25,35],"product_tag":[40,42],"class_list":{"0":"post-2672","1":"product","2":"type-product","3":"status-publish","4":"has-post-thumbnail","6":"product_cat-5-11","7":"product_cat-vestuario","8":"product_tag-5-11","9":"product_tag-vestuario","11":"first","12":"instock","13":"shipping-taxable","14":"purchasable","15":"product-type-variable"},"jetpack_sharing_enabled":true,"_links":{"self":[{"href":"https:\/\/tacticalsolutions.com.mx\/index.php\/wp-json\/wp\/v2\/product\/2672","targetHints":{"allow":["GET"]}}],"collection":[{"href":"https:\/\/tacticalsolutions.com.mx\/index.php\/wp-json\/wp\/v2\/product"}],"about":[{"href":"https:\/\/tacticalsolutions.com.mx\/index.php\/wp-json\/wp\/v2\/types\/product"}],"replies":[{"embeddable":true,"href":"https:\/\/tacticalsolutions.com.mx\/index.php\/wp-json\/wp\/v2\/comments?post=2672"}],"wp:featuredmedia":[{"embeddable":true,"href":"https:\/\/tacticalsolutions.com.mx\/index.php\/wp-json\/wp\/v2\/media\/2673"}],"wp:attachment":[{"href":"https:\/\/tacticalsolutions.com.mx\/index.php\/wp-json\/wp\/v2\/media?parent=2672"}],"wp:term":[{"taxonomy":"product_brand","embeddable":true,"href":"https:\/\/tacticalsolutions.com.mx\/index.php\/wp-json\/wp\/v2\/product_brand?post=2672"},{"taxonomy":"product_cat","embeddable":true,"href":"https:\/\/tacticalsolutions.com.mx\/index.php\/wp-json\/wp\/v2\/product_cat?post=2672"},{"taxonomy":"product_tag","embeddable":true,"href":"https:\/\/tacticalsolutions.com.mx\/index.php\/wp-json\/wp\/v2\/product_tag?post=2672"}],"curies":[{"name":"wp","href":"https:\/\/api.w.org\/{rel}","templated":true}]}}