{"id":2755,"date":"2022-04-01T23:42:44","date_gmt":"2022-04-01T23:42:44","guid":{"rendered":"https:\/\/tacticalsolutions.com.mx\/?post_type=product&#038;p=2755"},"modified":"2022-09-20T06:53:37","modified_gmt":"2022-09-20T06:53:37","slug":"rodilleras-tacticas-5-11-exo-k1-knee-pads-modelo-50359","status":"publish","type":"product","link":"https:\/\/tacticalsolutions.com.mx\/index.php\/producto\/rodilleras-tacticas-5-11-exo-k1-knee-pads-modelo-50359\/","title":{"rendered":"Rodilleras 5.11 EXO.K1 Knee Pads"},"content":{"rendered":"<p>Hechas espec\u00edficamente para soportar la peor parte de la presi\u00f3n en las rodillas, las rodilleras EXO.K1 cuentan con una tapa moldeada y flexible con tracci\u00f3n incorporada y una cara plana para una plataforma de tiro estable y silenciosa, incluso en superficies duras. Debajo de la tapa hay una almohadilla de espuma EVA para absorci\u00f3n de impactos y a\u00fan m\u00e1s protecci\u00f3n. Una correa el\u00e1stica superior tejida gruesa y una correa inferior de polipropileno brindan un ajuste seguro. Las correas ajustables y silenciosas est\u00e1n dise\u00f1adas para permanecer en su lugar sin deslizarse<\/p>\n","protected":false},"excerpt":{"rendered":"<ul>\n<li>Marca: <strong>5.11<\/strong><\/li>\n<li>Modelo: <strong>50359<\/strong><\/li>\n<li>Categor\u00eda: <strong>Accesorios<\/strong><\/li>\n<\/ul>\n<p>Hechas espec\u00edficamente para soportar la peor parte de la presi\u00f3n en las rodillas, las rodilleras EXO.K1 cuentan con una tapa moldeada y flexible con tracci\u00f3n incorporada y una cara plana para una plataforma de tiro estable y silenciosa, incluso en superficies duras. Debajo de la tapa hay una almohadilla de espuma EVA para absorci\u00f3n de impactos y a\u00fan m\u00e1s protecci\u00f3n. Una correa el\u00e1stica superior tejida gruesa y una correa inferior de polipropileno brindan un ajuste seguro. Las correas ajustables y silenciosas est\u00e1n dise\u00f1adas para permanecer en su lugar sin deslizarse<\/p>\n","protected":false},"featured_media":2756,"comment_status":"open","ping_status":"closed","template":"","meta":[],"product_brand":[],"product_cat":[25,34],"product_tag":[40,95],"class_list":{"0":"post-2755","1":"product","2":"type-product","3":"status-publish","4":"has-post-thumbnail","6":"product_cat-5-11","7":"product_cat-accesorios","8":"product_tag-5-11","9":"product_tag-accesorios","11":"first","12":"instock","13":"shipping-taxable","14":"purchasable","15":"product-type-simple"},"jetpack_sharing_enabled":true,"_links":{"self":[{"href":"https:\/\/tacticalsolutions.com.mx\/index.php\/wp-json\/wp\/v2\/product\/2755","targetHints":{"allow":["GET"]}}],"collection":[{"href":"https:\/\/tacticalsolutions.com.mx\/index.php\/wp-json\/wp\/v2\/product"}],"about":[{"href":"https:\/\/tacticalsolutions.com.mx\/index.php\/wp-json\/wp\/v2\/types\/product"}],"replies":[{"embeddable":true,"href":"https:\/\/tacticalsolutions.com.mx\/index.php\/wp-json\/wp\/v2\/comments?post=2755"}],"wp:featuredmedia":[{"embeddable":true,"href":"https:\/\/tacticalsolutions.com.mx\/index.php\/wp-json\/wp\/v2\/media\/2756"}],"wp:attachment":[{"href":"https:\/\/tacticalsolutions.com.mx\/index.php\/wp-json\/wp\/v2\/media?parent=2755"}],"wp:term":[{"taxonomy":"product_brand","embeddable":true,"href":"https:\/\/tacticalsolutions.com.mx\/index.php\/wp-json\/wp\/v2\/product_brand?post=2755"},{"taxonomy":"product_cat","embeddable":true,"href":"https:\/\/tacticalsolutions.com.mx\/index.php\/wp-json\/wp\/v2\/product_cat?post=2755"},{"taxonomy":"product_tag","embeddable":true,"href":"https:\/\/tacticalsolutions.com.mx\/index.php\/wp-json\/wp\/v2\/product_tag?post=2755"}],"curies":[{"name":"wp","href":"https:\/\/api.w.org\/{rel}","templated":true}]}}