{"id":2776,"date":"2022-04-03T06:20:39","date_gmt":"2022-04-03T06:20:39","guid":{"rendered":"https:\/\/tacticalsolutions.com.mx\/?post_type=product&#038;p=2776"},"modified":"2022-04-03T06:23:08","modified_gmt":"2022-04-03T06:23:08","slug":"mini-torreta-p7100","status":"publish","type":"product","link":"https:\/\/tacticalsolutions.com.mx\/index.php\/producto\/mini-torreta-p7100\/","title":{"rendered":"Mini-TORRETA P7100"},"content":{"rendered":"<p>&nbsp;<\/p>\n<p>Caracter\u00edsticas:<\/p>\n<p><strong>P7100<\/strong> opci\u00f3n permanente:<\/p>\n<ul>\n<li>Montaje permanente con cable de 12 \u201c.<\/li>\n<\/ul>\n<p>&nbsp;<\/p>\n<p><strong>P7100M<\/strong> opci\u00f3n magn\u00e9tica:<\/p>\n<ul>\n<li style=\"list-style-type: none;\">\n<ul>\n<li>El soporte magn\u00e9tico tiene un enchufe con interruptor basculante de 3 posiciones (encendido, apagado<\/li>\n<\/ul>\n<\/li>\n<\/ul>\n<p style=\"padding-left: 40px;\">\u00a0 \u00a0 \u00a0 \u00a0 \u00a0 \u00a0y avance del patr\u00f3n de destello)<\/p>\n<ul>\n<li style=\"list-style-type: none;\">\n<ul>\n<li>4 imanes extrafuertes cada uno con fuerza de 85 libras cada uno para evitar que la barra se deslice o se mueva<\/li>\n<\/ul>\n<\/li>\n<\/ul>\n<p>&nbsp;<\/p>\n","protected":false},"excerpt":{"rendered":"<ul>\n<li>Marca:<strong> Sound Off<\/strong><\/li>\n<li>Modelo: <strong>P7100\u00a0<\/strong><\/li>\n<li>Categor\u00eda: <strong>Linea Ambar<\/strong><\/li>\n<\/ul>\n<p>La salida de iluminaci\u00f3n \u00f3ptima se extiende a lo largo y ancho, en un espacio compacto para satisfacer sus necesidades.<\/p>\n<p>Especificaciones t\u00e9cnicas:<\/p>\n<ul>\n<li>Dimensiones: 14.16 &#8220;(36 cm) Largo x 1.90&#8221; (4,8 cm) Alto x 8.27 &#8220;(21 cm) Profundidad<\/li>\n<li>Rango de voltaje de entrada 10-16 vcc<\/li>\n<li>Consumo de corriente de 2 amperios a 12,8 vcc<\/li>\n<li>24 Leds de 5ta generaci\u00f3n.<\/li>\n<li>28 patrones de flasheo<\/li>\n<li>Temperatura de funcionamiento -40\u02da c hasta + 65 \u00b0 c<\/li>\n<li>SAE J845 clase 1<\/li>\n<li>Luz indicadora LED roja y cable de 10 &#8216;de longitud<\/li>\n<li>Tecnolog\u00eda Fusi\u00f3n II: \u00f3ptica para una salida brillante.<\/li>\n<li>Memoria de patr\u00f3n: recuerda el \u00faltimo patr\u00f3n de parpadeo utilizado<\/li>\n<li>Certificaci\u00f3n SAE Clase 1<\/li>\n<\/ul>\n","protected":false},"featured_media":2811,"comment_status":"open","ping_status":"closed","template":"","meta":[],"product_brand":[],"product_cat":[121,119],"product_tag":[122],"class_list":{"0":"post-2776","1":"product","2":"type-product","3":"status-publish","4":"has-post-thumbnail","6":"product_cat-linea-ambar","7":"product_cat-todos-los-productos","8":"product_tag-linea-ambar","10":"first","11":"instock","12":"featured","13":"shipping-taxable","14":"product-type-simple"},"jetpack_sharing_enabled":true,"_links":{"self":[{"href":"https:\/\/tacticalsolutions.com.mx\/index.php\/wp-json\/wp\/v2\/product\/2776","targetHints":{"allow":["GET"]}}],"collection":[{"href":"https:\/\/tacticalsolutions.com.mx\/index.php\/wp-json\/wp\/v2\/product"}],"about":[{"href":"https:\/\/tacticalsolutions.com.mx\/index.php\/wp-json\/wp\/v2\/types\/product"}],"replies":[{"embeddable":true,"href":"https:\/\/tacticalsolutions.com.mx\/index.php\/wp-json\/wp\/v2\/comments?post=2776"}],"wp:featuredmedia":[{"embeddable":true,"href":"https:\/\/tacticalsolutions.com.mx\/index.php\/wp-json\/wp\/v2\/media\/2811"}],"wp:attachment":[{"href":"https:\/\/tacticalsolutions.com.mx\/index.php\/wp-json\/wp\/v2\/media?parent=2776"}],"wp:term":[{"taxonomy":"product_brand","embeddable":true,"href":"https:\/\/tacticalsolutions.com.mx\/index.php\/wp-json\/wp\/v2\/product_brand?post=2776"},{"taxonomy":"product_cat","embeddable":true,"href":"https:\/\/tacticalsolutions.com.mx\/index.php\/wp-json\/wp\/v2\/product_cat?post=2776"},{"taxonomy":"product_tag","embeddable":true,"href":"https:\/\/tacticalsolutions.com.mx\/index.php\/wp-json\/wp\/v2\/product_tag?post=2776"}],"curies":[{"name":"wp","href":"https:\/\/api.w.org\/{rel}","templated":true}]}}