{"id":2786,"date":"2022-04-03T06:20:39","date_gmt":"2022-04-03T06:20:39","guid":{"rendered":"https:\/\/tacticalsolutions.com.mx\/?post_type=product&#038;p=2786"},"modified":"2022-04-03T06:24:53","modified_gmt":"2022-04-03T06:24:53","slug":"modulo-undercover-6-leds","status":"publish","type":"product","link":"https:\/\/tacticalsolutions.com.mx\/index.php\/producto\/modulo-undercover-6-leds\/","title":{"rendered":"MODULO UNDERCOVER (6 leds)"},"content":{"rendered":"","protected":false},"excerpt":{"rendered":"<ul>\n<li>Marca:<strong>\u00a0Sound Off<\/strong><\/li>\n<li>Modelo: <strong>UNDERCOVER<\/strong><\/li>\n<li>Categor\u00eda:\u00a0<strong>Modulos<\/strong><\/li>\n<\/ul>\n<p>Eleva la iluminaci\u00f3n de seguridad con lentes intercambiables que adaptan la salida de luz a la aplicaci\u00f3n de montaje.<\/p>\n<p><strong>Caracter\u00edsticas<\/strong><\/p>\n<ul>\n<li>LED &#8220;oculta&#8221; tipo hide away<\/li>\n<li>2 lentes adicionales disponibles para una salida de luz personalizada<\/li>\n<li>Modo de crucero opcional reduce la salida de luz al 20% de brillo<\/li>\n<li>Biseles opcionales para montar en superficie en cualquier \u00e1rea plana de la carrocer\u00eda del veh\u00edculo para obtener iluminaci\u00f3n adicional en cualquier lugar<\/li>\n<li>Rango de voltaje de entrada 9-32 vcc<\/li>\n<li>Consumo de corriente &lt;0.65 amperios (depende del patr\u00f3n de parpadeo) a 12.8 v cc<\/li>\n<li>Sincronizaci\u00f3n de luz 24 sincronizaci\u00f3n simple<\/li>\n<li>26 patrones de flasheo (12 individuales, 14 dobles)\u00b7<\/li>\n<li>6 leds de potente iluminaci\u00f3n\u00b7<\/li>\n<li>Temperatura de funcionamiento -40\u02da c hasta + 65 \u00b0 c\u00b7<\/li>\n<li>Dimensiones: 1.5 &#8220;(3.8 cm) de largo x 0.9&#8221; (2.3 cm) de alto<\/li>\n<\/ul>\n","protected":false},"featured_media":2821,"comment_status":"open","ping_status":"closed","template":"","meta":[],"product_brand":[],"product_cat":[121,123,118,119],"product_tag":[128],"class_list":{"0":"post-2786","1":"product","2":"type-product","3":"status-publish","4":"has-post-thumbnail","6":"product_cat-linea-ambar","7":"product_cat-linea-roja","8":"product_cat-linea-roja-azul","9":"product_cat-todos-los-productos","10":"product_tag-modulos","12":"first","13":"instock","14":"featured","15":"shipping-taxable","16":"product-type-simple"},"jetpack_sharing_enabled":true,"_links":{"self":[{"href":"https:\/\/tacticalsolutions.com.mx\/index.php\/wp-json\/wp\/v2\/product\/2786","targetHints":{"allow":["GET"]}}],"collection":[{"href":"https:\/\/tacticalsolutions.com.mx\/index.php\/wp-json\/wp\/v2\/product"}],"about":[{"href":"https:\/\/tacticalsolutions.com.mx\/index.php\/wp-json\/wp\/v2\/types\/product"}],"replies":[{"embeddable":true,"href":"https:\/\/tacticalsolutions.com.mx\/index.php\/wp-json\/wp\/v2\/comments?post=2786"}],"wp:featuredmedia":[{"embeddable":true,"href":"https:\/\/tacticalsolutions.com.mx\/index.php\/wp-json\/wp\/v2\/media\/2821"}],"wp:attachment":[{"href":"https:\/\/tacticalsolutions.com.mx\/index.php\/wp-json\/wp\/v2\/media?parent=2786"}],"wp:term":[{"taxonomy":"product_brand","embeddable":true,"href":"https:\/\/tacticalsolutions.com.mx\/index.php\/wp-json\/wp\/v2\/product_brand?post=2786"},{"taxonomy":"product_cat","embeddable":true,"href":"https:\/\/tacticalsolutions.com.mx\/index.php\/wp-json\/wp\/v2\/product_cat?post=2786"},{"taxonomy":"product_tag","embeddable":true,"href":"https:\/\/tacticalsolutions.com.mx\/index.php\/wp-json\/wp\/v2\/product_tag?post=2786"}],"curies":[{"name":"wp","href":"https:\/\/api.w.org\/{rel}","templated":true}]}}